n be j(z). Suppose -5*g + 51 + 50 = -2*o, 5*g - 5*o = n. List the prime factors of g.
19
Let t(o) = -o**3 - 8*o**2 + 6*o - 11. Suppose 0 = -4*f - 5*k + 20, -3*f + f + 20 = 5*k. Let r = f - 9. List the prime factors of t(r).
2
Let j = -15 - -22. Suppose -2*h - 60 = -j*h. Let w = h + 22. What are the prime factors of w?
2, 17
List the prime factors of (4 - (0 - 0))*(-2105)/(-10).
2, 421
Suppose 0 = -0*z - 2*z + 4. Suppose -u - 71 = -z*u. List the prime factors of u.
71
Suppose 3*z + 25913 - 5393 = 5*c, -20520 = -5*c - z. List the prime factors of c.
2, 3, 19
Suppose -14 = 6*d - 13*d. Suppose -5*l = i - 171, 4*l = -d*i - i + 513. What are the prime factors of i?
3, 19
Let z(u) = -74*u + 20. List the prime factors of z(-5).
2, 3, 5, 13
Let l(o) = -o**3 + 11*o**2 + 23. List the prime factors of l(8).
5, 43
Let d = -8 - -12. Suppose i - 5*g = -7 + 19, -d*i - 3*g = 44. Let t(s) = -s**3 - 7*s**2 + s + 7. What are the prime factors of t(i)?
3, 7
Let r = 1076 - 544. List the prime factors of r.
2, 7, 19
Let j(m) = 10*m**2 - m - 1. Let x be j(-1). Let a be 1/(2/x)*1. What are the prime factors of (-4 + a)/(2/4)?
2
Let z be 2 - (-1 + 1) - -2. Let o(s) = 4*s**2 - 2. Let j be o(-2). List the prime factors of z/j + (-318)/(-14).
23
Let o(n) = -1. Let j(q) = q + 54. Let f(i) = -j(i) + 2*o(i). Let y be f(0). Let p = -26 - y. What are the prime factors of p?
2, 3, 5
Let c be 330/77 - ((-6)/(-7))/3. Suppose 180 = -c*z + 512. What are the prime factors of z?
83
What are the prime factors of -1*(-9 + 1) - 246347/(-43)?
5737
What are the prime factors of ((-252)/48)/(3/(-312))?
2, 3, 7, 13
Suppose -3*h - 603 = -3*t, 2*t - h - 49 = 348. List the prime factors of t.
2, 7
Let y be (11 - -1)*(-5)/10. Let h be 26/y + (-2)/(-6). What are the prime factors of (-150)/(-12) - (-2)/h?
2, 3
Let m = 61 + -75. Let d = 18 + m. List the prime factors of d.
2
Suppose -2*a + 4 = 0, -2*r = a - 3 - 5. Suppose r*p = -2*p - 60. Let j = 9 - p. List the prime factors of j.
3, 7
Suppose -5*l - 2*q + 21 = -3*q, q = -3*l + 19. Suppose -i + 47 = 2*a, -l*a = -a + i - 89. Suppose -3*v + a = -117. List the prime factors of v.
2, 23
What are the prime factors of 651706/154 + (-3)/(-21)?
2, 23
Let d = -29 - -110. What are the prime factors of d*((-4)/6)/(10/(-15))?
3
Let d be -3*(-1 - 0) + -9. Let k = 4 + d. List the prime factors of (2/5)/(k/(-50)).
2, 5
Suppose 2*p + 462 = -220. Let y = -169 - p. List the prime factors of y.
2, 43
Let q(w) = 1 - 4*w + 5 + 0*w + 9. Suppose 3*m + 5 = 2*m. What are the prime factors of q(m)?
5, 7
Let y(x) = -41*x + 543. List the prime factors of y(-25).
2, 7
Let l be (-66)/3*(-26)/(-4). Let p = 47 + l. Let u = p + 148. What are the prime factors of u?
2, 13
Let k = -32 + 51. Suppose k*b = 14*b + 275. List the prime factors of b.
5, 11
Let r(x) = 32*x**2 + 5*x - 8. What are the prime factors of r(4)?
2, 131
Suppose -13*x + 16 = -9*x, 3*y - x = 224. What are the prime factors of y?
2, 19
Suppose 3336 = 11*v - 5*v. What are the prime factors of v?
2, 139
Let v(j) = j**3 - j**2 + 2*j - 2. Let z be v(0). What are the prime factors of z + 1/(2/270)?
7, 19
Let n(q) = q**2 - 13*q + 12. Let b be n(12). Suppose -2*s + 140 = -b. List the prime factors of (2 + 1)*s/30.
7
Suppose -5*q + y + 14030 = 0, 3*y + 2322 = 2*q - 3303. What are the prime factors of q?
3, 5, 11, 17
Suppose 26*l - 30*l = -8. Suppose 0 = -l*j + 31 + 107. List the prime factors of j.
3, 23
Let c(g) = -g**3 + 2*g**2 - g - 28. List the prime factors of c(-8).
2, 5, 31
Let u be 6/(((-5)/20)/((-1)/4)). List the prime factors of u + -2 - -117*12/6.
2, 7, 17
Let g be 52/8 + 1/2. Let p be (1 - -1) + (g - -6). Suppose 14*j - p*j = -42. List the prime factors of j.
2, 3, 7
Let i(z) = z**2 - z - 10. Let l = 42 - 50. List the prime factors of i(l).
2, 31
Suppose g + 2*g = -2*a + 43, -2*a + 5*g + 83 = 0. Suppose w + 5*d = -0*w + 10, -d + a = 2*w. Let z = w - -42. List the prime factors of z.
3, 19
Suppose -4*c + 1409 = 4*y - 2211, -y + 4 = 0. List the prime factors of c.
17, 53
Let o(z) = -14*z + 3 + 26*z - 91*z. Let b be o(-1). What are the prime factors of (b/(-3))/(16/(-48))?
2, 41
Suppose 5*r + 5*x = 4*x + 805, -r - 3*x + 175 = 0. Suppose -4*h = h - r. List the prime factors of ((-6)/(-4))/(6/h).
2
Let v(x) = 3*x**3 + x**2 - 6*x + 1. Let q be v(4). Let p = -92 + -19. Let l = p + q. List the prime factors of l.
2, 37
Suppose 3*k + 2*y - 252 = 341, 1025 = 5*k - 4*y. What are the prime factors of k?
3, 67
Let i(t) = 26 - 7*t**2 + 10*t + 19*t**2 - 6*t**2 - 5*t**2. List the prime factors of i(-13).
5, 13
Suppose 5*n = 140 - 665. Let a = n + 200. What are the prime factors of a?
5, 19
Let m(v) = -v**2 + 9*v + 7. Let o = -8 + 15. Let c be m(o). Suppose 0 = 5*g - 15, -g + 6*g = -3*l + c. What are the prime factors of l?
2
Let h(d) = 4*d**2 + 15*d + 49. List the prime factors of h(-12).
5, 89
Let i(s) = 3*s**3 - 3*s**2 - 10*s + 17. Suppose -2*l + 10 = 0, 0 = -4*a - l + 24 - 3. List the prime factors of i(a).
11
Let h = -18 - -30. What are the prime factors of 10/(-60) + 674/h?
2, 7
Let u(n) = 558*n**2 + 8. List the prime factors of u(2).
2, 5, 7
Let z = 212 + -108. Let i = 55 + z. List the prime factors of i.
3, 53
Suppose i - 2 = 70. Let u be ((-51)/(-34))/(1/(-2) - -1). Suppose -54 = -3*p - 5*c + u*c, 4*p - c - i = 0. What are the prime factors of p?
2, 3
Let n be (-10)/15 + 482/3. Suppose 74 + n = 3*y. Let a = y - 49. What are the prime factors of a?
29
Let h = 2023 - 395. List the prime factors of h.
2, 11, 37
Let x = -396 - -674. Suppose 53 - x = -5*c + 5*n, 2*c - 5*n - 84 = 0. What are the prime factors of c?
47
Let z(k) = -3*k**3 - k. Let m be z(-1). Suppose 73 = m*w - 267. Let j = 165 - w. List the prime factors of j.
2, 5
Suppose z = -3*c, -4*z + 4*c + 10 = -6. Suppose 4*o = -5*v + 284, -2*v + 312 = z*v - 3*o. List the prime factors of v.
2, 3, 5
Suppose -5*m + 174 = 3*o, -5*o = -0*m + m - 312. Let k = -40 + o. Let y = k + -3. What are the prime factors of y?
2, 5
Let n = 27 - 30. What are the prime factors of 3032/22 + n + 175/55?
2, 3, 23
Let u = 29 - 28. Let a be 18 + u*(2 + 2). Let k = 43 - a. What are the prime factors of k?
3, 7
Let r(t) = -20*t**3 + 77*t**2 + 155*t + 42. Let v(j) = -7*j**3 + 26*j**2 + 52*j + 14. Let i(c) = 6*r(c) - 17*v(c). What are the prime factors of i(22)?
2, 29
Suppose -4*x - 6 = -6*x. Suppose 132 = x*t + t. Let m = t - 1. List the prime factors of m.
2
Let s(g) = -3*g + 24. Let f be s(8). Suppose f = -z + 4*m + 231, -z + 71 = 5*m - 115. What are the prime factors of z?
211
What are the prime factors of -79*((-26)/(-104))/(2/(-8))?
79
Let r = -77 - -370. What are the prime factors of r?
293
Suppose 3*l - 4*l = -5*x + 80, -3*l - 3*x - 330 = 0. Let j = l - -189. What are the prime factors of j?
2, 3, 7
Suppose 4*o + 10 = -90. Let b = o - -48. What are the prime factors of b?
23
Suppose 0 = -z, 2*f + f = -3*z + 189. Let x = 122 - f. What are the prime factors of x?
59
Suppose -106 = -2*r + 2*x, 0 = 5*x - 0*x + 20. Suppose 0 = 4*i - 2*i - 6, 5*i = -2*l - 53. Let k = r + l. What are the prime factors of k?
3, 5
Suppose -8*p + 9*p - 3235 = -2*g, 2*g - 8 = 0. List the prime factors of p.
7, 461
Let n = 375 - -4. List the prime factors of n.
379
Let l(p) = -4*p**3 - 7*p**2 + 30*p - 16. What are the prime factors of l(-10)?
2, 373
Let w(l) be the third derivative of -l**6/120 + l**5/10 - l**4/8 - l**3/2 + 36*l**2. Suppose 0 = 4*k - 3*k - 4. What are the prime factors of w(k)?
17
Suppose -l + 43 = -2205. What are the prime factors of l?
2, 281
Let t be (-1 + 3)*(0 - -1). List the prime factors of ((-67)/t)/((10/4)/(-5)).
67
Suppose 0 = -2*p + p + 30. Let m be (-1)/(-3 - p/(-9)). What are the prime factors of m*(-2)/9*39?
2, 13
Suppose 0 = -a + 978 - 329. What are the prime factors of a?
11, 59
Let m(y) = y**3 + 6*y**2 - 2*y + 8. Let p(v) = -v**3 - 7*v**2 + 3*v - 9. Let h(g) = -4*m(g) - 3*p(g). List the prime factors of h(-5).
2, 5
Let a be 6/15*1*5. Let v be -3*(a - 16/6). Suppose -v*z - 45 = -3*z. List the prime factors of z.
3, 5
Let m be (0 + 1)/(-4 + 3). List the prime factors of (55 - -8) + 3/m.
2, 3, 5
Let t = -1545 - -2395. List the prime factors of t.
2, 5, 17
Let k(l) = -l**2 + 16*l + 58. Let s be k(18). Suppose 2*v = 22 + 8. Let i = v + s. What are the prime factors of i?
37
List t